{"id":97,"date":"2012-11-20T09:31:03","date_gmt":"2012-11-20T08:31:03","guid":{"rendered":"http:\/\/www.rybari-modrany.cz\/?page_id=97"},"modified":"2025-10-21T10:47:34","modified_gmt":"2025-10-21T09:47:34","slug":"ceny-povolenek","status":"publish","type":"page","link":"http:\/\/www.rybari-modrany.cz\/?page_id=97","title":{"rendered":"Ceny povolenek 2026"},"content":{"rendered":"<ul>\n<li><span style=\"color: #808000; font-size: medium;\">Ceny povolenek prod\u00e1van\u00e9 \u010cRS MO Praha 4 Mod\u0159any na sez\u00f3nu 2026<\/span><\/li>\n<\/ul>\n<table style=\"width: 642px;\" border=\"0\">\n<thead>\n<tr>\n<td style=\"width: 140.233px; background-color: #666600;\" rowspan=\"2\"><span style=\"color: #000000;\"><strong>\u00a0<\/strong><\/span><\/td>\n<td style=\"width: 243.383px; background-color: #666600;\" colspan=\"2\">\n<h3><span style=\"color: #808000;\"><strong>\u00a0<\/strong><\/span><span style=\"color: #dbdbb7; font-size: large;\"><strong> \u00daS <\/strong><\/span><span style=\"color: #dbdbb7; font-size: large;\"><strong>PRAHA<\/strong><\/span><\/h3>\n<\/td>\n<td style=\"width: 237.983px; background-color: #666600;\" colspan=\"2\">\n<h3><span style=\"color: #dbdbb7;\"><strong>\u00a0<\/strong><span style=\"font-size: large;\"><strong>\u00a0CELOSVAZOV\u00c1<\/strong><\/span><\/span><\/h3>\n<\/td>\n<\/tr>\n<tr>\n<td style=\"width: 144.633px; background-color: #bdb76b;\"><span style=\"color: #ffffff;\"><strong><span style=\"font-size: medium;\">\u00a0\u00a0<\/span><\/strong><strong><span style=\"font-size: medium;\">mimopstruhov\u00e1<\/span><\/strong><\/span><span style=\"color: #ffffff;\"><strong><span style=\"font-size: medium;\">\u00a0<\/span><\/strong><\/span><\/td>\n<td style=\"width: 93.15px; background-color: #bdb76b;\"><span style=\"color: #ffffff;\"><strong><span style=\"font-size: medium;\">\u00a0pstruhov\u00e1<\/span><\/strong><\/span><\/td>\n<td style=\"width: 140.233px; background-color: #bdb76b;\"><span style=\"color: #ffffff;\"><strong><span style=\"font-size: medium;\">\u00a0mimopstruhov\u00e1<\/span><\/strong><\/span><\/td>\n<td style=\"width: 92.15px; background-color: #bdb76b;\"><span style=\"color: #ffffff;\"><strong><span style=\"font-size: medium;\">\u00a0pstruhov\u00e1<\/span><\/strong><\/span><\/td>\n<\/tr>\n<\/thead>\n<tbody>\n<tr>\n<td style=\"width: 140.233px; background-color: #666600;\"><span style=\"color: #dbdbb7; font-size: large;\"><strong>\u00a0DOSP\u011aL\u00cd<\/strong><\/span><\/td>\n<td style=\"width: 144.633px; background-color: #c0c0c0;\"><span style=\"color: #808000; font-size: medium;\">\u00a0 <span style=\"color: #000000;\">1.500,- K\u010d<\/span><\/span><\/td>\n<td style=\"width: 93.15px; background-color: #d3d3d3;\"><span style=\"color: #ff0000; font-size: medium;\">\u00a01.500,- K\u010d<\/span><\/td>\n<td style=\"width: 140.233px; background-color: #c0c0c0;\"><span style=\"color: #808000; font-size: medium;\">\u00a0 <span style=\"color: #000000;\">3.400,- K\u010d<\/span><\/span><\/td>\n<td style=\"width: 92.15px; background-color: #d3d3d3;\"><span style=\"color: #ff0000; font-size: medium;\">\u00a03.650,- K\u010d<\/span><\/td>\n<\/tr>\n<tr>\n<td style=\"width: 140.233px; background-color: #666600;\"><span style=\"color: #dbdbb7; font-size: large;\"><strong>\u00a0ML\u00c1DE\u017d + ZTP<\/strong><\/span><\/td>\n<td style=\"width: 144.633px; background-color: #c0c0c0;\"><span style=\"color: #808000; font-size: medium;\">\u00a0 <span style=\"color: #000000;\">750,- K\u010d\u00a0<\/span> <\/span><\/td>\n<td style=\"width: 93.15px; background-color: #d3d3d3;\"><span style=\"color: #ff0000; font-size: medium;\">\u00a0750,- K\u010d<\/span><\/td>\n<td style=\"width: 140.233px; background-color: #c0c0c0;\"><span style=\"color: #808000; font-size: medium;\">\u00a0 <span style=\"color: #000000;\">1.650,- K\u010d<\/span><\/span><\/td>\n<td style=\"width: 92.15px; background-color: #d3d3d3;\"><span style=\"color: #ff0000; font-size: medium;\">\u00a01.700,- K\u010d<\/span><\/td>\n<\/tr>\n<tr>\n<td style=\"width: 140.233px; background-color: #666600;\"><span style=\"color: #dbdbb7; font-size: large;\"><strong>D\u011aTI DO 15 LET<\/strong><\/span><\/td>\n<td style=\"width: 144.633px; background-color: #c0c0c0;\"><span style=\"color: #808000; font-size: medium;\">\u00a0 <span style=\"color: #000000;\">300,- K\u010d<\/span><\/span><\/td>\n<td style=\"width: 93.15px; background-color: #d3d3d3;\"><span style=\"color: #ff0000; font-size: medium;\">\u00a0300,- K\u010d<\/span><\/td>\n<td style=\"width: 140.233px; background-color: #c0c0c0;\"><span style=\"color: #808000; font-size: medium;\">\u00a0 <span style=\"color: #000000;\">850,- K\u010d<\/span><\/span><\/td>\n<td style=\"width: 92.15px; background-color: #d3d3d3;\"><span style=\"color: #ff0000; font-size: medium;\">\u00a0950,- K\u010d<\/span><\/td>\n<\/tr>\n<\/tbody>\n<\/table>\n<h3><span style=\"color: #993300;\">Celorepublikov\u00e9 povolenky byly od roku 2026 zru\u0161eny a jejich prodej ji\u017e nen\u00ed mo\u017en\u00fd.<\/span><\/h3>\n<h3>Jedinou variantou pro p\u0159\u00edpadn\u00e9 z\u00e1jemce je zakoupen\u00ed dvou povolenek, konkr\u00e9tn\u011b celosvazov\u00e9 povolenky na rev\u00edry \u010cRS a n\u00e1sledn\u011b si pak p\u0159\u00edmo od MRS zakoupit je\u0161t\u011b povolenku pro Ji\u017en\u00ed Moravu.<\/h3>\n","protected":false},"excerpt":{"rendered":"<p>Ceny povolenek prod\u00e1van\u00e9 \u010cRS MO Praha 4 Mod\u0159any na sez\u00f3nu 2026 \u00a0 \u00a0 \u00daS PRAHA \u00a0\u00a0CELOSVAZOV\u00c1 \u00a0\u00a0mimopstruhov\u00e1\u00a0 \u00a0pstruhov\u00e1 \u00a0mimopstruhov\u00e1 \u00a0pstruhov\u00e1 \u00a0DOSP\u011aL\u00cd \u00a0 1.500,- K\u010d \u00a01.500,- K\u010d \u00a0 3.400,- K\u010d \u00a03.650,- K\u010d \u00a0ML\u00c1DE\u017d + ZTP \u00a0 750,- K\u010d\u00a0 \u00a0750,- K\u010d \u00a0 1.650,- K\u010d \u00a01.700,- K\u010d D\u011aTI DO 15 LET \u00a0 300,- K\u010d \u00a0300,- K\u010d \u00a0 850,- [&hellip;]<\/p>\n","protected":false},"author":1,"featured_media":0,"parent":431,"menu_order":4,"comment_status":"open","ping_status":"open","template":"","meta":{"footnotes":""},"_links":{"self":[{"href":"http:\/\/www.rybari-modrany.cz\/index.php?rest_route=\/wp\/v2\/pages\/97"}],"collection":[{"href":"http:\/\/www.rybari-modrany.cz\/index.php?rest_route=\/wp\/v2\/pages"}],"about":[{"href":"http:\/\/www.rybari-modrany.cz\/index.php?rest_route=\/wp\/v2\/types\/page"}],"author":[{"embeddable":true,"href":"http:\/\/www.rybari-modrany.cz\/index.php?rest_route=\/wp\/v2\/users\/1"}],"replies":[{"embeddable":true,"href":"http:\/\/www.rybari-modrany.cz\/index.php?rest_route=%2Fwp%2Fv2%2Fcomments&post=97"}],"version-history":[{"count":41,"href":"http:\/\/www.rybari-modrany.cz\/index.php?rest_route=\/wp\/v2\/pages\/97\/revisions"}],"predecessor-version":[{"id":26475,"href":"http:\/\/www.rybari-modrany.cz\/index.php?rest_route=\/wp\/v2\/pages\/97\/revisions\/26475"}],"up":[{"embeddable":true,"href":"http:\/\/www.rybari-modrany.cz\/index.php?rest_route=\/wp\/v2\/pages\/431"}],"wp:attachment":[{"href":"http:\/\/www.rybari-modrany.cz\/index.php?rest_route=%2Fwp%2Fv2%2Fmedia&parent=97"}],"curies":[{"name":"wp","href":"https:\/\/api.w.org\/{rel}","templated":true}]}}