{"id":722,"date":"2018-12-11T13:03:35","date_gmt":"2018-12-11T12:03:35","guid":{"rendered":"http:\/\/www.rybari-modrany.cz\/?page_id=722"},"modified":"2020-10-27T23:48:11","modified_gmt":"2020-10-27T22:48:11","slug":"gdpr-ochrana-osobnich-udaju","status":"publish","type":"page","link":"http:\/\/www.rybari-modrany.cz\/?page_id=722","title":{"rendered":"GDPR"},"content":{"rendered":"<h2>Ochrana osobn\u00edch \u00fadaj\u016f<\/h2>\n<p>V\u00e1\u017een\u00ed \u010dlenov\u00e9 na\u0161\u00ed m\u00edstn\u00ed organizace,<\/p>\n<p>Dovolte, abychom na z\u00e1klad\u011b na\u0159\u00edzen\u00ed Evropsk\u00e9ho parlamentu a Rady \u010d. 2016\/679 \u2013 General Data Protection Regulation (GDPR) informovali, \u017ee\u00a0od 25. kv\u011btna 2018 vstoupily v platnost nov\u00e9 z\u00e1sady ochrany a zpracov\u00e1n\u00ed osobn\u00edch \u00fadaj\u016f. R\u00e1di bychom V\u00e1s ujistili, \u017ee Va\u0161e osobn\u00ed data, kter\u00e9 jste n\u00e1m poskytli v souvislosti s va\u0161\u00edm \u010dlenstv\u00edm v \u010cesk\u00e9m ryb\u00e1\u0159sk\u00e9m svazu jsou zpracov\u00e1v\u00e1ny a chr\u00e1n\u011bny dle platn\u00e9 legislativy vstupuj\u00edc\u00ed nov\u011b v platnost. Sm\u011brnice pobo\u010dn\u00e9ho spolku \u010cRS-MO Praha 4 Mod\u0159any\u00a0k ochran\u011b osobn\u00edch \u00fadaj\u016f je ulo\u017eena v kancel\u00e1\u0159i m\u00edstn\u00ed organizace.<\/p>\n<p>Manu\u00e1l pro pobo\u010dn\u00e9 spolky \u010cRS ke sm\u011brnici k ochran\u011b osobn\u00edch \u00fadaj\u016f, neboli\u00a0\u00a0GDPR si m\u016f\u017eete ve form\u00e1tu PDF st\u00e1hnout<strong> <a href=\"http:\/\/www.rybari-modrany.cz\/wp-content\/uploads\/GDPR_CRS-MO-Praha-4-Modrany.pdf\" target=\"_blank\" rel=\"noopener noreferrer\">ZDE\u00a0:<\/a><\/strong><\/p>\n<p><img loading=\"lazy\" decoding=\"async\" class=\"aligncenter wp-image-729\" src=\"http:\/\/www.rybari-modrany.cz\/wp-content\/uploads\/GDPR.jpg\" alt=\"\" width=\"600\" height=\"400\" srcset=\"http:\/\/www.rybari-modrany.cz\/wp-content\/uploads\/GDPR.jpg 800w, http:\/\/www.rybari-modrany.cz\/wp-content\/uploads\/GDPR-300x200.jpg 300w, http:\/\/www.rybari-modrany.cz\/wp-content\/uploads\/GDPR-768x512.jpg 768w\" sizes=\"(max-width: 600px) 100vw, 600px\" \/><\/p>\n<p>&nbsp;<\/p>\n","protected":false},"excerpt":{"rendered":"<p>Ochrana osobn\u00edch \u00fadaj\u016f V\u00e1\u017een\u00ed \u010dlenov\u00e9 na\u0161\u00ed m\u00edstn\u00ed organizace, Dovolte, abychom na z\u00e1klad\u011b na\u0159\u00edzen\u00ed Evropsk\u00e9ho parlamentu a Rady \u010d. 2016\/679 \u2013 General Data Protection Regulation (GDPR) informovali, \u017ee\u00a0od 25. kv\u011btna 2018 vstoupily v platnost nov\u00e9 z\u00e1sady ochrany a zpracov\u00e1n\u00ed osobn\u00edch \u00fadaj\u016f. R\u00e1di bychom V\u00e1s ujistili, \u017ee Va\u0161e osobn\u00ed data, kter\u00e9 jste n\u00e1m poskytli v souvislosti s [&hellip;]<\/p>\n","protected":false},"author":1,"featured_media":0,"parent":431,"menu_order":6,"comment_status":"closed","ping_status":"closed","template":"","meta":{"footnotes":""},"_links":{"self":[{"href":"http:\/\/www.rybari-modrany.cz\/index.php?rest_route=\/wp\/v2\/pages\/722"}],"collection":[{"href":"http:\/\/www.rybari-modrany.cz\/index.php?rest_route=\/wp\/v2\/pages"}],"about":[{"href":"http:\/\/www.rybari-modrany.cz\/index.php?rest_route=\/wp\/v2\/types\/page"}],"author":[{"embeddable":true,"href":"http:\/\/www.rybari-modrany.cz\/index.php?rest_route=\/wp\/v2\/users\/1"}],"replies":[{"embeddable":true,"href":"http:\/\/www.rybari-modrany.cz\/index.php?rest_route=%2Fwp%2Fv2%2Fcomments&post=722"}],"version-history":[{"count":13,"href":"http:\/\/www.rybari-modrany.cz\/index.php?rest_route=\/wp\/v2\/pages\/722\/revisions"}],"predecessor-version":[{"id":1036,"href":"http:\/\/www.rybari-modrany.cz\/index.php?rest_route=\/wp\/v2\/pages\/722\/revisions\/1036"}],"up":[{"embeddable":true,"href":"http:\/\/www.rybari-modrany.cz\/index.php?rest_route=\/wp\/v2\/pages\/431"}],"wp:attachment":[{"href":"http:\/\/www.rybari-modrany.cz\/index.php?rest_route=%2Fwp%2Fv2%2Fmedia&parent=722"}],"curies":[{"name":"wp","href":"https:\/\/api.w.org\/{rel}","templated":true}]}}