{"id":314,"date":"2014-01-08T11:33:08","date_gmt":"2014-01-08T10:33:08","guid":{"rendered":"http:\/\/www.rybari-modrany.cz\/?page_id=314"},"modified":"2020-10-27T23:48:00","modified_gmt":"2020-10-27T22:48:00","slug":"legislativa","status":"publish","type":"page","link":"http:\/\/www.rybari-modrany.cz\/?page_id=314","title":{"rendered":"Legislativa"},"content":{"rendered":"<h3><a href=\"http:\/\/www.rybari-modrany.cz\/?attachment_id=323\" target=\"_blank\" rel=\"noopener noreferrer\">\u00a0Ryb\u00e1\u0159sk\u00fd \u0159\u00e1d\u00a0\u010cesk\u00e9ho ryb\u00e1\u0159sk\u00e9ho svazu 2014\/2015<\/a><\/h3>\n<p><span style=\"font-size: small; color: #808000;\"><strong>Popisy mimopstruhov\u00fdch a pstruhov\u00fdch rev\u00edr\u016f \u010cRS \u00dazemn\u00edho svazu m\u011bsta Prahy<\/strong><\/span><\/p>\n<p style=\"text-align: left;\"><em id=\"__mceDel\"><a title=\"Ryb\u00e1\u0159sk\u00fd \u0159\u00e1d 2014\/2015 - \u00dazemn\u00ed svaz Praha\" href=\"http:\/\/www.rybari-modrany.cz\/wp-content\/uploads\/Rybarsky-rad-2014_2015-US-Praha.pdf\" target=\"_blank\" rel=\"noopener noreferrer\"><img loading=\"lazy\" decoding=\"async\" class=\"wp-image-320\" src=\"http:\/\/www.rybari-modrany.cz\/wp-content\/uploads\/Rybarsky-rad_Praha.jpg\" alt=\"Rybarsky rad_Praha\" width=\"214\" height=\"313\" \/><\/a><\/em><\/p>\n","protected":false},"excerpt":{"rendered":"<p>\u00a0Ryb\u00e1\u0159sk\u00fd \u0159\u00e1d\u00a0\u010cesk\u00e9ho ryb\u00e1\u0159sk\u00e9ho svazu 2014\/2015 Popisy mimopstruhov\u00fdch a pstruhov\u00fdch rev\u00edr\u016f \u010cRS \u00dazemn\u00edho svazu m\u011bsta Prahy<\/p>\n","protected":false},"author":1,"featured_media":0,"parent":431,"menu_order":5,"comment_status":"open","ping_status":"open","template":"","meta":{"footnotes":""},"_links":{"self":[{"href":"http:\/\/www.rybari-modrany.cz\/index.php?rest_route=\/wp\/v2\/pages\/314"}],"collection":[{"href":"http:\/\/www.rybari-modrany.cz\/index.php?rest_route=\/wp\/v2\/pages"}],"about":[{"href":"http:\/\/www.rybari-modrany.cz\/index.php?rest_route=\/wp\/v2\/types\/page"}],"author":[{"embeddable":true,"href":"http:\/\/www.rybari-modrany.cz\/index.php?rest_route=\/wp\/v2\/users\/1"}],"replies":[{"embeddable":true,"href":"http:\/\/www.rybari-modrany.cz\/index.php?rest_route=%2Fwp%2Fv2%2Fcomments&post=314"}],"version-history":[{"count":12,"href":"http:\/\/www.rybari-modrany.cz\/index.php?rest_route=\/wp\/v2\/pages\/314\/revisions"}],"predecessor-version":[{"id":1035,"href":"http:\/\/www.rybari-modrany.cz\/index.php?rest_route=\/wp\/v2\/pages\/314\/revisions\/1035"}],"up":[{"embeddable":true,"href":"http:\/\/www.rybari-modrany.cz\/index.php?rest_route=\/wp\/v2\/pages\/431"}],"wp:attachment":[{"href":"http:\/\/www.rybari-modrany.cz\/index.php?rest_route=%2Fwp%2Fv2%2Fmedia&parent=314"}],"curies":[{"name":"wp","href":"https:\/\/api.w.org\/{rel}","templated":true}]}}